0364. What is v(-3)?
38
Let s(d) = 2*d**3 + 359*d**2 + 207*d + 6060. Calculate s(-179).
1048
Let y(g) = g**3 - 62*g**2 + 771*g - 276. What is y(45)?
-6
Let s(o) = o**3 - 14*o**2 - 320*o + 3506. What is s(10)?
-94
Let d(b) = 9929*b - 3107783. What is d(313)?
-6
Let q(v) = 90*v**2 + 4949*v - 10319. Give q(-57).
-2
Let v(u) = -6*u**3 + 26*u**2 + 787*u + 344. Calculate v(14).
-6
Let r(k) = -50*k**3 - 9*k**2 - 10*k - 14. Calculate r(-3).
1285
Let b(t) = -5862*t + 228584. Calculate b(39).
-34
Let d(h) = 32*h**3 + 3*h**2 + 411*h - 416. Calculate d(1).
30
Let j(h) = -32*h**2 + 127*h - 9. Give j(4).
-13
Let f(z) = 5*z**3 - 63*z**2 + 28*z + 58. Calculate f(11).
-602
Let i(c) = 76*c + 7315. Calculate i(-98).
-133
Let g(i) = -16*i**2 - 94*i - 440. Determine g(-8).
-712
Let c(a) = 1511*a + 52902. Determine c(-35).
17
Let a(j) = 595179*j - 595175. Calculate a(1).
4
Let g(z) = -92812*z + 1949058. Calculate g(21).
6
Let f(t) = t**3 + 43*t**2 - 142*t + 2156. Calculate f(-47).
-6
Let m(u) = 505*u + 21708. Determine m(-43).
-7
Let h(x) = 103103*x - 206290. What is h(2)?
-84
Let m(d) = d**2 + 7*d + 2707. Determine m(59).
6601
Let i(b) = 105910*b - 317701. Calculate i(3).
29
Let j(s) = 7*s**3 + 377*s**2 - 64*s - 2245. Calculate j(-54).
-1705
Let f(m) = 31002*m - 30984. Give f(1).
18
Let n(s) = -3*s**2 - 213*s + 3246. Give n(-84).
-30
Let b(n) = 3*n**3 - 49*n**2 + 54*n - 19. What is b(6)?
-811
Let c(i) = 2*i**3 + 575*i**2 + 4193*i - 2010. What is c(-280)?
-50
Let s(f) = -3516*f - 1786055. What is s(-508)?
73
Let v(x) = 26920*x - 349929. What is v(13)?
31
Let p(n) = -843469*n + 4217330. Determine p(5).
-15
Let y(j) = -j**3 - 258*j**2 - 1775*j - 171. What is y(-7)?
-45
Let d(q) = -142*q**2 - 9941*q - 37569. Give d(-66).
-15
Let o(u) = 551363*u - 59547216. Determine o(108).
-12
Let c(a) = -a**2 + 114*a - 2070. What is c(87)?
279
Let l(g) = -9424*g + 37706. What is l(4)?
10
Let c(h) = -h**3 + 490*h**2 + 2469*h + 3063. Give c(495).
93
Let n(z) = z**2 + 4471*z - 89278. Determine n(20).
542
Let q(j) = j**3 + 13*j**2 - 32*j - 551. Give q(-8).
25
Let j(a) = -a**3 - 12*a**2 - 5*a - 53. Calculate j(-10).
-203
Let c(i) = -5501*i**2 + 517096*i - 178. What is c(94)?
10
Let g(q) = 6459*q + 742748. What is g(-115)?
-37
Let s(x) = 5436*x - 630596. Give s(116).
-20
Let x(j) = -15574*j + 233561. Calculate x(15).
-49
Let v(t) = 44*t**2 + 57*t + 2. Determine v(-1).
-11
Let g(d) = -6*d**2 + 60647*d + 242684. Give g(-4).
0
Let x(o) = -176*o**3 - 7717*o**2 + 1190*o + 81. Calculate x(-44).
-7
Let b(t) = 1276*t + 696698. Give b(-546).
2
Let x(v) = v**3 - 165*v**2 - 452*v + 19794. Give x(167).
88
Let k(c) = -1459*c + 7080. Calculate k(7).
-3133
Let h(x) = 91*x + 5070. Determine h(-51).
429
Let u(w) = 5*w**2 - 1020*w - 19235. What is u(-19)?
1950
Let y(s) = -1397*s + 54487. What is y(39)?
4
Let s(x) = -19164*x + 996500. Give s(52).
-28
Let h(a) = -13300*a + 678204. Determine h(51).
-96
Let s(x) = -3*x**3 + 560*x**2 + 516*x - 165172. Determine s(186).
-4
Let m(p) = -p**3 + 52*p**2 - 480*p + 1186. What is m(41)?
-3
Let h(i) = 1083*i + 178700. What is h(-165)?
5
Let p(h) = 460*h + 9862. Determine p(-22).
-258
Let p(l) = l**3 + 10*l**2 - 12228*l - 24493. Determine p(-2).
-5
Let f(g) = -g**3 - 14*g**2 + 347*g + 5213. What is f(-16)?
173
Let p(s) = 6*s**2 - 458*s + 3963. Give p(10).
-17
Let p(h) = h**2 - 15934*h - 654979. Give p(-41).
-4
Let x(i) = 32*i**2 - 604*i - 52. Determine x(18).
-556
Let w(y) = -y**3 + 20*y**2 + 12*y - 137. Determine w(14).
1207
Let l(z) = 234499*z + 1875972. Determine l(-8).
-20
Let q(j) = -j**2 + 1067*j - 5313. Determine q(5).
-3
Let i(u) = -u**3 + 300*u**2 - 19250*u - 177. Determine i(207).
30
Let o(z) = z**3 - 3*z**2 - 23*z + 4. Calculate o(0).
4
Let i(v) = 1020*v - 8099. Determine i(8).
61
Let a(p) = -814*p**2 - 16*p + 3. What is a(0)?
3
Let r(t) = 9475*t + 246350. Give r(-26).
0
Let o(g) = -878170*g + 14928893. Determine o(17).
3
Let i(y) = 9*y**2 + 518*y + 1269. Give i(-55).
4
Let y(l) = 1031*l - 26853. Give y(26).
-47
Let u(k) = 161*k**2 - 15943*k + 309. Determine u(99).
-87
Let g(l) = l**3 + 24*l**2 - 28*l + 84. What is g(-24)?
756
Let f(u) = 6983*u + 2262490. Give f(-324).
-2
Let c(p) = p**3 - 190*p**2 - 12002*p - 97. Give c(-50).
3
Let s(k) = -k**3 - 29*k**2 + 377*k - 209. Determine s(-39).
298
Let t(p) = 95477*p + 668327. Calculate t(-7).
-12
Let q(r) = -23176*r + 996485. Determine q(43).
-83
Let q(p) = p**3 + 1314*p**2 + 390842*p - 2571. Give q(-859).
6
Let g(c) = 18*c**3 - 696*c**2 - 228*c - 239. What is g(39)?
-5
Let y(z) = -3*z**2 + 428*z - 9977. Give y(29).
-88
Let g(x) = 42975*x - 1460983. What is g(34)?
167
Let c(n) = n**3 + 60*n**2 + 780*n + 46795. Give c(-60).
-5
Let x(k) = 26*k**2 - 257*k + 435. Calculate x(6).
-171
Let o(b) = 4412*b + 591157. Calculate o(-134).
-51
Let d(x) = -x**3 + 57*x**2 + 971*x - 52932. Determine d(58).
22
Let k(o) = -550*o + 15080. Give k(21).
3530
Let l(t) = 3*t**3 - 7*t**2 - 2218*t - 12417. Determine l(-6).
-9
Let a(o) = 5*o**2 + 149*o + 1251. What is a(-10)?
261
Let v(z) = -1265*z**2 - 74669*z - 2014. Calculate v(-59).
-8
Let l(t) = 8*t**2 + 35*t + 91. What is l(-5)?
116
Let z(d) = 2*d**3 + d**2 - 301*d + 235. Determine z(-13).
-77
Let u(s) = 2139*s - 269337. Give u(126).
177
Let d(o) = -2*o**3 - 2*o**2 - 43576*o - 261810. Give d(-6).
6
Let d(w) = w**2 - 160*w - 8680. Give d(-43).
49
Let z(f) = f**2 - 3562*f + 544321. Calculate z(160).
1
Let b(p) = p**2 - 734*p - 18968. Give b(-25).
7
Let l(o) = -2*o**3 + 1601*o**2 - 315045*o + 445. Determine l(452).
-7
Let c(y) = 35*y**3 - 6*y**2 - 15*y + 46. What is c(-3)?
-908
Let m(k) = k**3 + 16*k**2 - 24*k - 216. What is m(-11)?
653
Let h(f) = 914*f**3 + 7*f**2 - 18*f - 22. Determine h(-1).
-911
Let v(a) = -6*a**2 + 144*a + 7798. Give v(50).
-2
Let j(l) = -4*l**3 - 436*l**2 + 1305*l + 22. Give j(3).
-95
Let p(h) = 7*h**3 + 770*h**2 + 618*h + 67973. Determine p(-110).
-7
Let g(w) = w**3 - 25*w**2 + 238*w - 5524. Calculate g(24).
-388
Let c(v) = 4*v**3 + 1829*v**2 + 68641*v + 420. Determine c(-416).
4
Let s(i) = -7090*i - 262331. Calculate s(-37).
-1
Let h(z) = -114*z - 1725. What is h(-6)?
-1041
Let o(m) = -4993*m + 49916. Give o(10).
-14
Let y(o) = -2*o**2 + 674*o + 19. What is y(0)?
19
Let k(o) = -4*o**2 + 540*o + 155690. Calculate k(-141).
26
Let t(a) = a**3 + 17*a**2 + 37*a - 253. What is t(-15)?
-358
Let u(l) = l**2 - 5381*l - 520214. Determine u(-95).
6
Let s(q) = -142*q**2 - 84777*q - 1796. Calculate s(-597).
-5
Let a(u) = u**3 + 204*u**2 - 415*u - 682. What is a(-206)?
-64
Let v(l) = -3*l**3 + 4376*l**2 + 1437*l + 32122. Calculate v(1459).
24
Let b(u) = -1211*u + 59359. What is b(49)?
20
Let h(g) = -2*g**3 + 18*g**2 - 5*g + 540. Determine h(11).
1
Let o(j) = 46097*j + 829659. What is o(-18)?
-87
Let g(o) = -2*o**2 - 495*o - 4112. Give g(-239).
-49
Let h(o) = 676102*o - 5408812. What is h(8)?
4
Let k(q) = 5*q**3 - 1345*q**2 + 22*q - 5544. What is k(269)?
374
Let h(s) = -s**3 - 22*s**2 - 472*s - 3067. Calculate h(-8).
-187
Let q(u) = 15*u**3 - 1017*u**2 - 984*u + 32. Give q(-1).
-16
Let y(c) = 125041*c - 19756482. Calculate y(158).
-4
Let f(r) = 9679*r - 9937. Give f(1).
-258
Let j(f) = -19086*f + 152860. Calculate j(8).
172
Let s(a) = -1272*a - 3030. What is s(-2)?
-486
Let v(q) = -q**3 + 255*q**2 - 2840*q - 693. Calculate v(12).
219
Let x(q) = 19600*q - 1195575. Give x(61).
25
Let l(g) = -9*g**3 - 181*g - 691. Give l(-4).
609
Let g(c) = -580*c + 89913. Give g(155).
13
Let t(a) = -a**3 + 10*a**2 + 2231*a - 24235. Determine t(11).
185
Let q(b) = -5827*b - 559408. Calculate q(-96).
-16
Let t(b) = -132*b + 27042. Calculate t(198).
906
Let g(i) = 14035*i - 182421. Determine g(13).
34
Let j(r) = 131*r**2 + 2564*r + 5126. Give j(-2).
522
Let n(o) = 2*o**3 - 92*o**2 + 266*o - 12214. Calculate n(46).
22
Let n(j) = 3*j**3 - 30*j**2 + 1452*j - 12819. What is n(9)?
6
Let w(d) = 20*d**3 + 1781*d**2 + 91*d + 176. Determine w(-89).
-2
Let h(a) = -1951*a - 511197. What is h(-262)?
-35
Let r(m) = -11*m**3 - 59*m**2 + 1661*m + 8401. Give r(-5).
-4
Let p(o) = 2*o**3 - 254*o**2 - 2208*o + 249855. What is p(128)?
-1
Let v(z) = z**3 - 127*z**2 + 1684*z - 27. What is v(15)?
33
Let x(z) = -305936*z + 1529680. What is x(5)?
0
Let b(p) = 21160*p + 126996. Determine b(-6).
36
Let u(i) = 520*i**2 - 275